millions digit of 805770965?
8
What is the hundreds digit of 323066367?
3
What is the thousands digit of 47424876?
4
What is the thousands digit of 1725790413?
0
What is the hundreds digit of 2274501311?
3
What is the thousands digit of 6364758?
4
What is the hundreds digit of 28711888?
8
What is the units digit of 14383573?
3
What is the ten thousands digit of 2938974133?
7
What is the hundred thousands digit of 417680507?
6
What is the tens digit of 128611847?
4
What is the tens digit of 82845913?
1
What is the ten millions digit of 564383241?
6
What is the millions digit of 72901979?
2
What is the billions digit of 2838258157?
2
What is the hundred thousands digit of 83492265?
4
What is the hundred thousands digit of 5028733881?
7
What is the hundred millions digit of 496572094?
4
What is the ten millions digit of 4076390804?
7
What is the units digit of 5088902?
2
What is the millions digit of 5048972?
5
What is the ten thousands digit of 48778599?
7
What is the millions digit of 7138166?
7
What is the thousands digit of 18213706?
3
What is the hundred millions digit of 691638645?
6
What is the thousands digit of 15504753?
4
What is the thousands digit of 5182596998?
6
What is the tens digit of 2367088059?
5
What is the ten millions digit of 1277861444?
7
What is the ten thousands digit of 121644928?
4
What is the hundred thousands digit of 5833835171?
8
What is the hundred thousands digit of 28870601?
8
What is the ten millions digit of 82091968?
8
What is the units digit of 324428335?
5
What is the millions digit of 2374378706?
4
What is the hundreds digit of 1375033407?
4
What is the hundreds digit of 267303213?
2
What is the units digit of 62634818?
8
What is the tens digit of 803889488?
8
What is the hundreds digit of 78577266?
2
What is the billions digit of 2264140572?
2
What is the hundred thousands digit of 845676224?
6
What is the ten millions digit of 31719360?
3
What is the ten thousands digit of 2212342932?
4
What is the hundred thousands digit of 1084884592?
8
What is the tens digit of 89317326?
2
What is the ten thousands digit of 2801030029?
3
What is the thousands digit of 725258600?
8
What is the thousands digit of 555888431?
8
What is the hundred millions digit of 4034362802?
0
What is the tens digit of 78667908?
0
What is the thousands digit of 1612721047?
1
What is the hundreds digit of 86974594?
5
What is the thousands digit of 27564919?
4
What is the millions digit of 123016741?
3
What is the billions digit of 6621431322?
6
What is the millions digit of 89974972?
9
What is the hundred millions digit of 339297977?
3
What is the tens digit of 37251126?
2
What is the ten millions digit of 671913367?
7
What is the thousands digit of 288491452?
1
What is the ten thousands digit of 154260679?
6
What is the thousands digit of 258125249?
5
What is the ten millions digit of 28280598?
2
What is the thousands digit of 511334453?
4
What is the units digit of 461425046?
6
What is the tens digit of 70197137?
3
What is the units digit of 196741629?
9
What is the ten millions digit of 47573831?
4
What is the units digit of 117172670?
0
What is the hundred thousands digit of 407900510?
9
What is the ten thousands digit of 3499833201?
3
What is the hundred thousands digit of 146951680?
9
What is the ten thousands digit of 2561696094?
9
What is the hundred millions digit of 2144919222?
1
What is the units digit of 452532143?
3
What is the tens digit of 410681849?
4
What is the ten thousands digit of 145652433?
5
What is the ten millions digit of 1139097445?
3
What is the units digit of 676430449?
9
What is the hundreds digit of 93938227?
2
What is the hundreds digit of 79781268?
2
What is the hundred millions digit of 147880307?
1
What is the ten thousands digit of 1059179338?
7
What is the hundreds digit of 399016729?
7
What is the hundred thousands digit of 1821976006?
9
What is the units digit of 39476310?
0
What is the thousands digit of 110574922?
4
What is the units digit of 27333089?
9
What is the hundreds digit of 81585077?
0
What is the ten thousands digit of 4779858431?
5
What is the hundred millions digit of 816512247?
8
What is the thousands digit of 2786122894?
2
What is the thousands digit of 12718378?
8
What is the hundreds digit of 570858322?
3
What is the thousands digit of 4845187727?
7
What is the units digit of 133060054?
4
What is the millions digit of 170363888?
0
What is the ten thousands digit of 2145410271?
1
What is the units digit of 2416346633?
3
What is the ten thousands digit of 10304385?
0
What is the ten thousands digit of 240567276?
6
What is the hundred thousands digit of 4371006118?
0
What is the hundreds digit of 4403559570?
5
What is the ten millions digit of 53673886?
5
What is the hundred millions digit of 799389955?
7
What is the ten thousands digit of 1495347600?
4
What is the ten thousands digit of 529246221?
4
What is the hundred thousands digit of 595710489?
7
What is the millions digit of 1379273169?
9
What is the hundred thousands digit of 48942732?
9
What is the tens digit of 265087854?
5
What is the units digit of 55295059?
9
What is the millions digit of 840939138?
0
What is the millions digit of 116207001?
6
What is the ten thousands digit of 201195829?
9
What is the billions digit of 1104240213?
1
What is the hundred millions digit of 635704755?
6
What is the hundreds digit of 96119662?
6
What is the hundreds digit of 3871460692?
6
What is the tens digit of 161327549?
4
What is the ten thousands digit of 2251136537?
3
What is the thousands digit of 4217630462?
0
What is the ten thousands digit of 961081873?
8
What is the ten thousands digit of 129246584?
4
What is the hundreds digit of 1236312099?
0
What is the thousands digit of 118500205?
0
What is the ten thousands digit of 265929436?
2
What is the ten thousands digit of 43162756?
6
What is the millions digit of 1292182159?
2
What is the millions digit of 1339711384?
9
What is the thousands digit of 535739189?
9
What is the tens digit of 359417792?
9
What is the millions digit of 34441693?
4
What is the units digit of 1055631315?
5
What is the ten thousands digit of 58875710?
7
What is the tens digit of 76603707?
0
What is the tens digit of 83179743?
4
What is the billions digit of 1106755177?
1
What is the millions digit of 335890505?
5
What is the millions digit of 144952301?
4
What is the ten thousands digit of 2326104718?
0
What is the billions digit of 7528676882?
7
What is the hundred millions digit of 920896292?
9
What is the hundred thousands digit of 271153910?
1
What is the millions digit of 4331996257?
1
What is the hundred millions digit of 712543868?
7
What is the hundred thousands digit of 197215890?
2
What is the units digit of 121250578?
8
What is the ten thousands digit of 1028137536?
3
What is the millions digit of 143687085?
3
What is the millions digit of 71366781?
1
What is the hundred thousands digit of 805762371?
7
What is the hundreds digit of 432513125?
1
What is the ten thousands digit of 672388241?
8
What is the billions digit of 2529917033?
2
What is the units digit of 141313120?
0
What is the hundred thousands digit of 560474596?
4
What is the ten thousands digit of 172530472?
3
What is the hundred thousands digit of 39006813?
0
What is the billions digit of 2836251427?
2
What is the ten thousands digit of 493607154?
0
What is the hundred thousands digit of 82200263?
2
What is the units digit of 59994624?
4
What is the units digit of 1596178168?
8
What is the billions digit of 5509262076?
5
What is the hundred thousands digit of 98642959?
6
What is the tens digit of 854013352?
5
What is the units digit of 947418715?
5
What is the hundreds digit of 3082481118?
1
What is the ten thousands digit of 40526966?
2
What is the billions digit of 1626160471?
1
What is the thousands digit of 105192200?
2
What is the tens digit of 36639326?
2
What is the thousands digit of 57304380?
4
What is the ten millions digit of 19293854?
1
What is the tens digit of 31149370?
7
What is the ten millions digit of 82122485?
8
What is the thousands digit of 34910573?
0
What is the ten millions digit of 657472409?
5
What is the ten millions digit of 70321453?
7
What is the ten thousands digit of 28181215?
8
What is the million